{"id":432,"date":"2023-07-10T19:29:12","date_gmt":"2023-07-11T00:29:12","guid":{"rendered":"https:\/\/www.akella.org\/home\/?page_id=432"},"modified":"2023-07-10T19:29:17","modified_gmt":"2023-07-11T00:29:17","slug":"a-bejeweled-nose-that-outshines-the-stars-tarakanti-tiraskari-nasabhara%e1%b9%87a-bhasura","status":"publish","type":"page","link":"https:\/\/www.akella.org\/home\/in-praise-of-mother-lalitha\/a-bejeweled-nose-that-outshines-the-stars-tarakanti-tiraskari-nasabhara%e1%b9%87a-bhasura","title":{"rendered":"A bejeweled nose, that outshines the stars! (T\u0101r\u0101k\u0101nti-tirask\u0101ri-n\u0101sabhara\u1e47a-bh\u0101sur\u0101)"},"content":{"rendered":"\n<pre class=\"wp-block-verse\">In the realm of grace and divine allure,\r\nResides Mother Lalitha, radiant and pure.\r\nHer nose, a masterpiece of beauty untold,\r\nA celestial gem, a sight to behold.\r\n\r\nBathed in moonlight's gentle gleam,\r\nHer nose-stud shines like a wondrous dream.\r\nA tapestry of rubies, precious and bright,\r\nPearls woven delicately, pure as starlight.\r\n\r\nTarakanti, the light of stars, they say,\r\nReflects in the jewel that adorns her nose each day.\r\nMa\u1e45gal\u0101 and \u015aukl\u0101, goddesses twain,\r\nWithin her nose-stud, their cosmic reign.\r\n\r\nMars, the fiery ruler of rubies so red,\r\nVenus, the diamond's celestial thread,\r\nThese planets adorn her nose divine,\r\nBestowing blessings, warding off malign.\r\n\r\nWith each breath she takes, a cosmic dance,\r\nPlanets align, weaving fate's intricate trance.\r\nHer nose, a beacon of celestial grace,\r\nShielding souls from the planets' embrace.\r\n\r\nIn Lalitha's presence, troubles disperse,\r\nEvil effects of planets she'll reverse.\r\nHer nose-stud, a symbol of cosmic might,\r\nGuiding devotees to celestial light.\r\n\r\nOh, Mother Lalitha, beauty unsurpassed,\r\nWith your nose-stud, a universe amassed.\r\nMay we be blessed by your grace so rare,\r\nAnd find solace in your divine love's lair.\r\n\n\n-<em>Mani<\/em><\/pre>\n","protected":false},"excerpt":{"rendered":"<p>In the realm of grace and divine allure, Resides Mother Lalitha, radiant and pure. Her nose, a masterpiece of beauty untold, A celestial gem, a sight to behold. Bathed in moonlight&#8217;s gentle gleam, Her nose-stud shines like a wondrous dream. &hellip; <a href=\"https:\/\/www.akella.org\/home\/in-praise-of-mother-lalitha\/a-bejeweled-nose-that-outshines-the-stars-tarakanti-tiraskari-nasabhara%e1%b9%87a-bhasura\">Continue reading <span class=\"meta-nav\">&rarr;<\/span><\/a><\/p>\n","protected":false},"author":2,"featured_media":0,"parent":378,"menu_order":0,"comment_status":"closed","ping_status":"closed","template":"","meta":{"footnotes":""},"class_list":["post-432","page","type-page","status-publish","hentry"],"_links":{"self":[{"href":"https:\/\/www.akella.org\/home\/wp-json\/wp\/v2\/pages\/432","targetHints":{"allow":["GET"]}}],"collection":[{"href":"https:\/\/www.akella.org\/home\/wp-json\/wp\/v2\/pages"}],"about":[{"href":"https:\/\/www.akella.org\/home\/wp-json\/wp\/v2\/types\/page"}],"author":[{"embeddable":true,"href":"https:\/\/www.akella.org\/home\/wp-json\/wp\/v2\/users\/2"}],"replies":[{"embeddable":true,"href":"https:\/\/www.akella.org\/home\/wp-json\/wp\/v2\/comments?post=432"}],"version-history":[{"count":1,"href":"https:\/\/www.akella.org\/home\/wp-json\/wp\/v2\/pages\/432\/revisions"}],"predecessor-version":[{"id":433,"href":"https:\/\/www.akella.org\/home\/wp-json\/wp\/v2\/pages\/432\/revisions\/433"}],"up":[{"embeddable":true,"href":"https:\/\/www.akella.org\/home\/wp-json\/wp\/v2\/pages\/378"}],"wp:attachment":[{"href":"https:\/\/www.akella.org\/home\/wp-json\/wp\/v2\/media?parent=432"}],"curies":[{"name":"wp","href":"https:\/\/api.w.org\/{rel}","templated":true}]}}