{"id":456,"date":"2023-07-11T13:14:39","date_gmt":"2023-07-11T18:14:39","guid":{"rendered":"https:\/\/www.akella.org\/home\/?page_id=456"},"modified":"2023-07-11T13:14:39","modified_gmt":"2023-07-11T18:14:39","slug":"a-voice-so-sweet-it-puts-all-else-to-shame-nija-sallapa-madurya-vinirbhartsita-kacchapi","status":"publish","type":"page","link":"https:\/\/www.akella.org\/home\/in-praise-of-mother-lalitha\/a-voice-so-sweet-it-puts-all-else-to-shame-nija-sallapa-madurya-vinirbhartsita-kacchapi","title":{"rendered":"A voice so sweet, it puts all else to shame. (Nija-sall\u0101pa-m\u0101durya-vinirbhartsita-kacchap\u012b)"},"content":{"rendered":"\n<pre class=\"wp-block-verse\">In the realm of divine melodies, there lies\r\nA voice so sweet, enchanting all the skies,\r\nMother Lalitha, her timbre so divine,\r\nA symphony of grace that touches hearts like wine.\r\n\r\nA voice that surpasses the kacchap\u012b Veena's tender strings,\r\nAwakening the soul, like celestial wings,\r\nFor in her vocal artistry, she weaves,\r\nA tapestry of bliss, where every note believes.\r\n\r\nThe kacchap\u012b Veena, dear child of Mother Saraswati,\r\nIn humble reverence, bows to Lalitha's beauty,\r\nIts gentle strings, with love, they softly play,\r\nBut her voice, a celestial flute in grand display.\r\n\r\nThe Kachhapi, wise instrument of old lore,\r\nTells tales in dulcet tones, a parrot's speech it bore,\r\nYet when Lalitha sings, none can stray away,\r\nDrawn like bees to nectar, the enchanting notes sway.\r\n\r\nOh, her voice, a melody that steals the night,\r\nA lullaby of stars, a celestial light,\r\nIt resonates within, a balm for every soul,\r\nHer dulcet tones embrace, making spirits whole.\r\n\r\nThe symphony of Lalitha's celestial gift,\r\nA language that needs no words to uplift,\r\nWith each resounding note, she paints a song,\r\nA symphony of love, where all hearts belong.\r\n\r\nHer voice, a tender breeze that softly sighs,\r\nGuiding us to realms where dreams harmonize,\r\nIt captures hearts, in its melodious embrace,\r\nFor it exudes a magic that time can't erase.\r\n\r\nSo let us gather in the aura of her grace,\r\nAnd in her voice, find solace, find our place,\r\nFor Lalitha's voice, a treasure so divine,\r\nA melody that resonates, an eternal shrine.\r\n\n\n-<em>Mani<\/em><\/pre>\n","protected":false},"excerpt":{"rendered":"<p>In the realm of divine melodies, there lies A voice so sweet, enchanting all the skies, Mother Lalitha, her timbre so divine, A symphony of grace that touches hearts like wine. A voice that surpasses the kacchap\u012b Veena&#8217;s tender strings, &hellip; <a href=\"https:\/\/www.akella.org\/home\/in-praise-of-mother-lalitha\/a-voice-so-sweet-it-puts-all-else-to-shame-nija-sallapa-madurya-vinirbhartsita-kacchapi\">Continue reading <span class=\"meta-nav\">&rarr;<\/span><\/a><\/p>\n","protected":false},"author":2,"featured_media":0,"parent":378,"menu_order":0,"comment_status":"closed","ping_status":"closed","template":"","meta":{"footnotes":""},"class_list":["post-456","page","type-page","status-publish","hentry"],"_links":{"self":[{"href":"https:\/\/www.akella.org\/home\/wp-json\/wp\/v2\/pages\/456","targetHints":{"allow":["GET"]}}],"collection":[{"href":"https:\/\/www.akella.org\/home\/wp-json\/wp\/v2\/pages"}],"about":[{"href":"https:\/\/www.akella.org\/home\/wp-json\/wp\/v2\/types\/page"}],"author":[{"embeddable":true,"href":"https:\/\/www.akella.org\/home\/wp-json\/wp\/v2\/users\/2"}],"replies":[{"embeddable":true,"href":"https:\/\/www.akella.org\/home\/wp-json\/wp\/v2\/comments?post=456"}],"version-history":[{"count":1,"href":"https:\/\/www.akella.org\/home\/wp-json\/wp\/v2\/pages\/456\/revisions"}],"predecessor-version":[{"id":458,"href":"https:\/\/www.akella.org\/home\/wp-json\/wp\/v2\/pages\/456\/revisions\/458"}],"up":[{"embeddable":true,"href":"https:\/\/www.akella.org\/home\/wp-json\/wp\/v2\/pages\/378"}],"wp:attachment":[{"href":"https:\/\/www.akella.org\/home\/wp-json\/wp\/v2\/media?parent=456"}],"curies":[{"name":"wp","href":"https:\/\/api.w.org\/{rel}","templated":true}]}}