{"id":566,"date":"2023-07-14T17:50:59","date_gmt":"2023-07-14T22:50:59","guid":{"rendered":"https:\/\/www.akella.org\/home\/?page_id=566"},"modified":"2023-07-14T17:50:59","modified_gmt":"2023-07-14T22:50:59","slug":"ruler-of-the-beautiful-and-blessed-city-sriman-nagara-nayika","status":"publish","type":"page","link":"https:\/\/www.akella.org\/home\/in-praise-of-mother-lalitha\/ruler-of-the-beautiful-and-blessed-city-sriman-nagara-nayika","title":{"rendered":"Ruler of the beautiful and blessed city (\u015ar\u012bman-nagara-n\u0101yik\u0101)"},"content":{"rendered":"\n<pre class=\"wp-block-verse\">In Srimmannagara, the blessed city of lore,\nWhere wisdom flows, abundant and pure,\nMother Lalitha reigns, in regal repose,\nA beacon of light, where true knowledge arose.\n\nWithin Mount Meru's center, it does reside,\nA city beyond worlds, where seekers abide,\nRatnadvipa, the island of gems so rare,\nIn the ocean of nectar, this city so fair.\n\nAdorned with twenty-five walls, mighty and grand,\nRepresenting tattvas, each carefully planned,\nThese cosmic truths, like a tapestry unfurled,\nUnveiling the secrets of the ancient world.\n\nThe Srichakra, a wheel of mystical grace,\nSymbolizing living spaces, every dwelling's embrace,\nFrom city to hamlet, from house to town,\nThis divine design, where love's essence is found.\n\nMother Lalitha, in her majestic splendor,\nPerforms her tasks with love and surrender,\nCreation, sustenance, resolution she weaves,\nWith compassion and care, her heart never leaves.\n\nIn the blessed city, where souls find solace,\nSeekers and sages, with devotion, embrace,\nThe wisdom that flows from Mother's abode,\nNurturing spirits, as divine love is bestowed.\n\nOh, Srimmannagara, radiant and true,\nA sanctuary of knowledge, where dreams come into view,\nIn your hallowed embrace, seekers find their way,\nGuided by Mother Lalitha, forever to stay.\n\n-<em>Mani<\/em><\/pre>\n","protected":false},"excerpt":{"rendered":"<p>In Srimmannagara, the blessed city of lore, Where wisdom flows, abundant and pure, Mother Lalitha reigns, in regal repose, A beacon of light, where true knowledge arose. Within Mount Meru&#8217;s center, it does reside, A city beyond worlds, where seekers &hellip; <a href=\"https:\/\/www.akella.org\/home\/in-praise-of-mother-lalitha\/ruler-of-the-beautiful-and-blessed-city-sriman-nagara-nayika\">Continue reading <span class=\"meta-nav\">&rarr;<\/span><\/a><\/p>\n","protected":false},"author":2,"featured_media":0,"parent":378,"menu_order":0,"comment_status":"closed","ping_status":"closed","template":"","meta":{"footnotes":""},"class_list":["post-566","page","type-page","status-publish","hentry"],"_links":{"self":[{"href":"https:\/\/www.akella.org\/home\/wp-json\/wp\/v2\/pages\/566","targetHints":{"allow":["GET"]}}],"collection":[{"href":"https:\/\/www.akella.org\/home\/wp-json\/wp\/v2\/pages"}],"about":[{"href":"https:\/\/www.akella.org\/home\/wp-json\/wp\/v2\/types\/page"}],"author":[{"embeddable":true,"href":"https:\/\/www.akella.org\/home\/wp-json\/wp\/v2\/users\/2"}],"replies":[{"embeddable":true,"href":"https:\/\/www.akella.org\/home\/wp-json\/wp\/v2\/comments?post=566"}],"version-history":[{"count":1,"href":"https:\/\/www.akella.org\/home\/wp-json\/wp\/v2\/pages\/566\/revisions"}],"predecessor-version":[{"id":567,"href":"https:\/\/www.akella.org\/home\/wp-json\/wp\/v2\/pages\/566\/revisions\/567"}],"up":[{"embeddable":true,"href":"https:\/\/www.akella.org\/home\/wp-json\/wp\/v2\/pages\/378"}],"wp:attachment":[{"href":"https:\/\/www.akella.org\/home\/wp-json\/wp\/v2\/media?parent=566"}],"curies":[{"name":"wp","href":"https:\/\/api.w.org\/{rel}","templated":true}]}}