{"id":663,"date":"2024-03-27T13:13:30","date_gmt":"2024-03-27T18:13:30","guid":{"rendered":"https:\/\/www.akella.org\/home\/?page_id=663"},"modified":"2024-03-27T13:13:30","modified_gmt":"2024-03-27T18:13:30","slug":"67-senses-are-like-wild-horse-which-only-the-mind-can-rein-in-asvaru%e1%b8%8dha-dhi%e1%b9%a3%e1%b9%adhitasva-ko%e1%b9%adiko%e1%b9%adibhi-rav%e1%b9%9bta-%e0%a4%86%e0%a4%b6%e0%a5%8d%e0%a4%b5","status":"publish","type":"page","link":"https:\/\/www.akella.org\/home\/in-praise-of-mother-lalitha\/67-senses-are-like-wild-horse-which-only-the-mind-can-rein-in-asvaru%e1%b8%8dha-dhi%e1%b9%a3%e1%b9%adhitasva-ko%e1%b9%adiko%e1%b9%adibhi-rav%e1%b9%9bta-%e0%a4%86%e0%a4%b6%e0%a5%8d%e0%a4%b5","title":{"rendered":"67) Senses are like wild horse -which only the mind can rein in. &#8211; \u0100\u015bv\u0101r\u016b\u1e0dh\u0101-dhi\u1e63\u1e6dhit\u0101\u015bva-ko\u1e6diko\u1e6dibhi-r\u0101v\u1e5bt\u0101 \u0906\u0936\u094d\u0935\u093e\u0930\u0942\u0922\u093e-\u0927\u093f\u0937\u094d\u0920\u093f\u0924\u093e\u0936\u094d\u0935-\u0915\u094b\u091f\u093f\u0915\u094b\u091f\u093f\u092d\u093f-\u0930\u093e\u0935\u0943\u0924\u093e"},"content":{"rendered":"\n<pre class=\"wp-block-verse\">Surrounded by steeds, a celestial host,\nMother Lalitha's glory, the cosmos boasts,\nA\u015bv\u0101r\u016b\u1e0dh\u0101 leads, in war, their ghostly posts.\n\nThirteen b\u012bja-s, a mantra so profound,\nIn mantra sampu\u1e6da, their power is found,\nQuick to fructify, with blessings abound.\n\nSenses, like wild horses, race unbound,\nOnly the mind, their jockey, can confound,\nTo steer through life's track, where trials surround.\n\nIn chakras' rise, consciousness awakes,\nTo turya's stage, where bliss overtakes,\nAnd senses, now tamed, the spirit remakes.\n\nWill, like Um\u0101, binds the yogi's fate,\nWith \u015aiva, in communion, they relate,\nSeeing all as one, transcending hate.\n\nThis n\u0101ma teaches control, a spiritual gate,\nFor senses unleashed, a dire state,\nOnly \u015aakt\u012b guides to the Supreme, innate.\n\nThrough m\u0101y\u0101's veil, \u015aakt\u012b leads the way,\nTo \u015aiva's realm, where eternal bliss lay,\nIn this union, the soul finds its stay.\n\nKatha Upani\u1e63had's wisdom, a guiding light,\nSenses, the horses, in perpetual flight,\nSelf, the charioteer, must steer right.\n\nIn knowledge and control, our salvation is cast,\nWith Lalitha's grace, to \u015aiva, we're fast,\nEternal bliss, in Her name, forever vast.\n\n-<em>Mani<\/em><\/pre>\n","protected":false},"excerpt":{"rendered":"<p>Surrounded by steeds, a celestial host, Mother Lalitha&#8217;s glory, the cosmos boasts, A\u015bv\u0101r\u016b\u1e0dh\u0101 leads, in war, their ghostly posts. Thirteen b\u012bja-s, a mantra so profound, In mantra sampu\u1e6da, their power is found, Quick to fructify, with blessings abound. Senses, like &hellip; <a href=\"https:\/\/www.akella.org\/home\/in-praise-of-mother-lalitha\/67-senses-are-like-wild-horse-which-only-the-mind-can-rein-in-asvaru%e1%b8%8dha-dhi%e1%b9%a3%e1%b9%adhitasva-ko%e1%b9%adiko%e1%b9%adibhi-rav%e1%b9%9bta-%e0%a4%86%e0%a4%b6%e0%a5%8d%e0%a4%b5\">Continue reading <span class=\"meta-nav\">&rarr;<\/span><\/a><\/p>\n","protected":false},"author":2,"featured_media":0,"parent":378,"menu_order":0,"comment_status":"closed","ping_status":"closed","template":"","meta":{"footnotes":""},"class_list":["post-663","page","type-page","status-publish","hentry"],"_links":{"self":[{"href":"https:\/\/www.akella.org\/home\/wp-json\/wp\/v2\/pages\/663","targetHints":{"allow":["GET"]}}],"collection":[{"href":"https:\/\/www.akella.org\/home\/wp-json\/wp\/v2\/pages"}],"about":[{"href":"https:\/\/www.akella.org\/home\/wp-json\/wp\/v2\/types\/page"}],"author":[{"embeddable":true,"href":"https:\/\/www.akella.org\/home\/wp-json\/wp\/v2\/users\/2"}],"replies":[{"embeddable":true,"href":"https:\/\/www.akella.org\/home\/wp-json\/wp\/v2\/comments?post=663"}],"version-history":[{"count":1,"href":"https:\/\/www.akella.org\/home\/wp-json\/wp\/v2\/pages\/663\/revisions"}],"predecessor-version":[{"id":665,"href":"https:\/\/www.akella.org\/home\/wp-json\/wp\/v2\/pages\/663\/revisions\/665"}],"up":[{"embeddable":true,"href":"https:\/\/www.akella.org\/home\/wp-json\/wp\/v2\/pages\/378"}],"wp:attachment":[{"href":"https:\/\/www.akella.org\/home\/wp-json\/wp\/v2\/media?parent=663"}],"curies":[{"name":"wp","href":"https:\/\/api.w.org\/{rel}","templated":true}]}}