{"id":715,"date":"2024-04-06T20:09:25","date_gmt":"2024-04-07T01:09:25","guid":{"rendered":"https:\/\/www.akella.org\/home\/?page_id=715"},"modified":"2024-04-06T20:09:26","modified_gmt":"2024-04-07T01:09:26","slug":"75-destroyer-of-base-desires-mantri%e1%b9%87yamba-viracita-visa%e1%b9%85gavadha-to%e1%b9%a3ita-%e0%a4%ae%e0%a4%a8%e0%a5%8d%e0%a4%a4%e0%a5%8d%e0%a4%b0%e0%a4%bf%e0%a4%a3%e0%a5%8d%e0%a4%af%e0%a4%ae","status":"publish","type":"page","link":"https:\/\/www.akella.org\/home\/in-praise-of-mother-lalitha\/75-destroyer-of-base-desires-mantri%e1%b9%87yamba-viracita-visa%e1%b9%85gavadha-to%e1%b9%a3ita-%e0%a4%ae%e0%a4%a8%e0%a5%8d%e0%a4%a4%e0%a5%8d%e0%a4%b0%e0%a4%bf%e0%a4%a3%e0%a5%8d%e0%a4%af%e0%a4%ae","title":{"rendered":"75) Destroyer of base desires &#8211; Mantri\u1e47yamb\u0101-viracita-vi\u015ba\u1e45gavadha-to\u1e63it\u0101 \u092e\u0928\u094d\u0924\u094d\u0930\u093f\u0923\u094d\u092f\u092e\u094d\u092c\u093e-\u0935\u093f\u0930\u091a\u093f\u0924-\u0935\u093f\u0936\u0919\u094d\u0917\u0935\u0927-\u0924\u094b\u0937\u093f\u0924\u093e\u00a0"},"content":{"rendered":"\n<pre class=\"wp-block-verse\">In the heart of divine play, 'neath celestial dome,<br>She smiles, as darkness finds its end,<br>At Mantrin\u012b's hand, where evil cannot roam.<br><br>The seed of 'vi', a potent b\u012bja, stands tall,<br>Eradicating vice, lifting the devout,<br>Under Mantrin\u012b's watch, ensuring evil's fall.<br><br>Vi\u015ba\u1e45ga's desires, born from sensory illusion,<br>Meet their demise, in the glow of Her grace,<br>A testament to power, and divine conclusion.<br><br>Through mantra's might, Mantrin\u012b Devi reigns,<br>With 'va' as her essence, a beacon in night,<br>Guiding souls to light, unshackling chains.<br><br>Thus, the 75th name, a saga of victory and might,<br>In Lalitha's lore, a beacon of hope shines bright,<br>Against shadows, Her will, forever alight.<\/pre>\n","protected":false},"excerpt":{"rendered":"<p>In the heart of divine play, &#8216;neath celestial dome,She smiles, as darkness finds its end,At Mantrin\u012b&#8217;s hand, where evil cannot roam.The seed of &#8216;vi&#8217;, a potent b\u012bja, stands tall,Eradicating vice, lifting the devout,Under Mantrin\u012b&#8217;s watch, ensuring evil&#8217;s fall.Vi\u015ba\u1e45ga&#8217;s desires, born &hellip; <a href=\"https:\/\/www.akella.org\/home\/in-praise-of-mother-lalitha\/75-destroyer-of-base-desires-mantri%e1%b9%87yamba-viracita-visa%e1%b9%85gavadha-to%e1%b9%a3ita-%e0%a4%ae%e0%a4%a8%e0%a5%8d%e0%a4%a4%e0%a5%8d%e0%a4%b0%e0%a4%bf%e0%a4%a3%e0%a5%8d%e0%a4%af%e0%a4%ae\">Continue reading <span class=\"meta-nav\">&rarr;<\/span><\/a><\/p>\n","protected":false},"author":2,"featured_media":0,"parent":378,"menu_order":0,"comment_status":"closed","ping_status":"closed","template":"","meta":{"footnotes":""},"class_list":["post-715","page","type-page","status-publish","hentry"],"_links":{"self":[{"href":"https:\/\/www.akella.org\/home\/wp-json\/wp\/v2\/pages\/715","targetHints":{"allow":["GET"]}}],"collection":[{"href":"https:\/\/www.akella.org\/home\/wp-json\/wp\/v2\/pages"}],"about":[{"href":"https:\/\/www.akella.org\/home\/wp-json\/wp\/v2\/types\/page"}],"author":[{"embeddable":true,"href":"https:\/\/www.akella.org\/home\/wp-json\/wp\/v2\/users\/2"}],"replies":[{"embeddable":true,"href":"https:\/\/www.akella.org\/home\/wp-json\/wp\/v2\/comments?post=715"}],"version-history":[{"count":1,"href":"https:\/\/www.akella.org\/home\/wp-json\/wp\/v2\/pages\/715\/revisions"}],"predecessor-version":[{"id":717,"href":"https:\/\/www.akella.org\/home\/wp-json\/wp\/v2\/pages\/715\/revisions\/717"}],"up":[{"embeddable":true,"href":"https:\/\/www.akella.org\/home\/wp-json\/wp\/v2\/pages\/378"}],"wp:attachment":[{"href":"https:\/\/www.akella.org\/home\/wp-json\/wp\/v2\/media?parent=715"}],"curies":[{"name":"wp","href":"https:\/\/api.w.org\/{rel}","templated":true}]}}